56) + 14 + 3
54
Calculate -7 - (7 - 5 - (-10 - -29)).
10
What is the value of 35 - (30 + -41 + (25 - (-7 - -9)))?
23
What is the value of 9 - 60 - (-246 - -218)?
-23
Evaluate -12 + (-15 - (12 + -27)) + (2 - -53).
43
What is the value of -58 + -39 + 56 + 48?
7
Evaluate 19 + (-8 - (-6 + 6)) + -77.
-66
What is the value of (-2 - 2 - (0 - -7 - 61 - -8)) + -1?
41
What is the value of 18 - 0 - -10 - (-156 - -123)?
61
What is 26 + (-23 - 1) - 19 - (-17 - -2)?
-2
Evaluate 50 + (63 - (68 - 28)).
73
What is -358 + 212 + 4 + (0 - -39)?
-103
Calculate -67 + (40 - (42 - 22)).
-47
-89 - (-105 - -43 - -35)
-62
Evaluate (0 - 6 - 20) + (-1 + 10 - (46 - 39)).
-24
Calculate 11 + 34 + -68 + (-1 + -2 - -99).
73
Evaluate (383 - 131 - 278) + (-2 - (-13 + 0)).
-15
Calculate (-9 + -3 - -10) + -1 + 3 + (-7 - -1).
-6
What is (14 - -2) + 18 + -21 + 11 + -14?
10
(-6 + 11 + -27 - -11) + (2 + -3 - 1)
-13
Calculate 49 - (28 + (-31 - -38)).
14
What is 19 - (41 - (25 - (-2 + 10)))?
-5
Calculate 12 + -56 - (181 + -123).
-102
Evaluate (20 - (-1 + 41)) + (9 - -2).
-9
What is 163 + -8 + -1409 + 1303?
49
What is the value of -1 + -134 + (-13357 - -13450)?
-42
-56 + (-42 - -77) + 66
45
What is 104 + -115 - (7 + (-5 + -48 - 5) + -3)?
43
Evaluate 389 + -363 - (4 + -34).
56
What is 10 - ((-26 - 6) + 7 + -3)?
38
Evaluate -305 - -228 - (4 - 89).
8
Calculate (-42 - 4 - (-324 - -270)) + 115.
123
(-1028 - -1024) + (-4 - 19) + 6
-21
What is 370 + (-455 - -158) - (0 - -44)?
29
Evaluate 12 + -1 - (6 - (6 + 5 + (16 - 14))).
18
Calculate (9 - 60) + 44 + -3.
-10
-30 + 5 + -14 + (1 - -3 - 14 - 2)
-51
What is the value of (104 - -11) + (-70 - -39) + (-3 - (-2 - 4))?
87
Calculate 1 + -42 + (-2 + 187 - 150).
-6
Calculate -288 + 176 - (-132 - -35).
-15
Evaluate (0 - 19) + 12 - (1 + -5 + 4).
-7
Calculate 6 + -14 + (5 - (21 - 11)) - -37.
24
Calculate 9 + 8 + -18 + (-11 - 30) + -12.
-54
Calculate 19 + -1 + (-88 - -74) + -36.
-32
What is 0 + -105 - (114 + -106 + -29)?
-84
Evaluate (0 - -1) + 0 + -68 - (179144 - 179127).
-84
What is the value of (-1 - -120) + 18 + (27 + -23 + -6 - 23)?
112
(-1 - 3) + 53 + (9115 - 9067)
97
(21 - 3 - -37) + (-20 - -7)
42
What is the value of 2 - (-15 - -109 - 61)?
-31
Calculate 16 + (32 - 14 - 39) - -7 - -109.
111
7 - (59 - -1 - (-10 + (6 - 23) + 23))
-57
Evaluate (-11 - -3) + (1 - 5) + (-59 - (-64 - -57)).
-64
Calculate (0 - 99) + -2749 + 2838.
-10
Evaluate -40 + 124 + -115 + 117.
86
Evaluate (-26 - -23) + 17 + (-2 - 60).
-48
Calculate (12 - (22 - 28 - 1)) + -36.
-17
What is 467 + -502 - (-144 + -2 + -5)?
116
Calculate -41 + ((-5 - (-17 + 23)) + -1 - -8).
-45
Calculate -22 - (83 + -96) - -11.
2
(13 - 2 - -7) + 5 + -2
21
What is the value of -12 + (1 - 2) + 38 + 12 + -18?
19
-84 + 44 + 12 - 6
-34
What is (-5 - 72) + 513 + -480?
-44
Calculate 54 - -12 - 6 - (-213 - -262).
11
127 + (-8 - 71) + 44
92
Evaluate (-19 + 10 + 12 + 3 - 14) + 3 + 62.
57
What is (-55 + -27 - (-26 - 7)) + 13?
-36
-10 + (-175 + 93 - -28)
-64
(76 - 32) + -7 - 76
-39
What is the value of (11 + -4 - (131 + 5)) + (34 - (38 - 18))?
-115
What is -236 + -69 + 426 - (1 - -25)?
95
What is 9 - (-1 - -24 - (-264 + 251)) - -2?
-25
What is the value of -30 - ((-17 - (-29 - -29)) + 47)?
-60
Calculate 41 - ((6 - (-1 - (7 + -16))) + 15).
28
What is the value of -26 + -1 + (13162 - 13060)?
75
What is the value of 0 + 7 + -2 + (10 - 11) + (32 - 29)?
7
Evaluate (-71 - -36) + -11 + 14.
-32
What is -21 - (1 + 1 - (-22 + 21 - -3))?
-21
Calculate -4 + (-44 - 19) - -20.
-47
Evaluate -20 - (-25 + 39 + (-21 - -13 - 70)).
44
(-19 + 34 - 22) + (-8 - -16 - 30)
-29
What is the value of 9 + (-1 - (1 - -2 - (-39 - -65)))?
31
What is the value of 0 - (13 + -12 - 40) - (-1 - 1)?
41
Evaluate -63 + (8 - 0) - -11 - 9 - -6.
-47
What is the value of -19 + 1 + 53 - 50?
-15
What is -11 - (25 + (-20 + -8 - -7))?
-15
Calculate -51 - 57 - -125 - -47.
64
Evaluate (15 + -21 - (-12 + 0 + -2)) + 28.
36
Evaluate -1 + (-6 + 1 + 123 - (-23 + 3 + 12)).
125
Evaluate -28 - (-27 - (-2 + -8 + -4)).
-15
What is the value of (0 - (-3 + (5 - -2))) + -1 + 46?
41
What is the value of -92 - (-91 - (-70 - -14))?
-57
Evaluate -33 + 19 + 58 + -65 + -2.
-23
Calculate -3 + -5 + 3 + (-9 - -27 - 21) + 0.
-8
What is the value of 230 + -245 + 18 + 1?
4
What is the value of (-47 - -36 - (-1 + -2)) + 14 + -29?
-23
What is (61 - -63) + -57 + -26?
41
Calculate 24 - (54 - (91 - 85)).
-24
Evaluate -38 + 21 + 20 - -80 - (-16 + -4 + 4).
99
Calculate 4 + (90 - 19) - 38.
37
(-18 - 5) + 16 + 2 + -21
-26
Calculate (8 - (-28 - -44) - 2) + -66.
-76
What is the value of -38 - 5 - (48 - (-55 - -76))?
-70
What is the value of -12 + (-8 + 9 - -3 - (-6 - -9)) - 8?
-19
-154 - -157 - (6 + -4 + 2 + 89 + -9)
-81
What is (-24 - (36 - 13)) + -22 - -14?
-55
(6 - -6) + -3 - (5 + (-23 - -23))
4
What is -110 - (-51 + -47) - (11 - (-1 + -1))?
-25
0 + -33 - (-75 + 80 - -10)
-48
Calculate -72 - (36 - 98) - (4 + -1).
-13
35 + -4 - -16 - 24
23
What is -44 + 1 - (-39 + 61 + -7 + (-2 - 10))?
-46
Evaluate (0 - -4) + (37 - -42 - 10).
73
What is the value of (-1 + 5 - -1) + (-50 + 57 - 55)?
-43
-4443 + 4584 - (190 - -2)
-51
Evaluate 4038 + -4081 - (0 + 6 + -2).
-47
What is the value of -3 + 0 + 0 + (218 - 214)?
1
What is -25 + 4 + (-10 - 2) + 12?
-21
Evaluate (11 - (7 + 39)) + 146 + -40.
71
What is the value of -38 + 113 - (-3 - -43)?
35
(101 - 52) + -40 - -13
22
Calculate -15 - (-18 + (19 - (2 + 35))).
21
Evaluate -17 - (-8 + (10 - 13) + 6).
-12
What is the value of 175 - (22 - (98 + -102))?
149
What is 2 + -10 - (-6 - -4) - 4 - -50?
40
Evaluate -6 - (47 - (-25 + 57)).
-21
Calculate 3 - (-6 - 1) - ((-51 - -18) + -18).
61
What is -1849 + 1885 - (59 + -2)?
-21
0 - 51 - (59 + -54 + -17)
-39
What is the value of -53 + 18 - -33 - -11?
9
Calculate 27 + (15 - 9) + -41.
-8
Evaluate -2 - (2 + -4 - 1 - (11 - 90) - 8).
-70
Evaluate -44 + (63 - 18) + -26.
-25
Calculate (-2 - -2 - 0) + -697 + 746.
49
What is the value of 42 + 1 - (-10 - (-48 - ((-11 - -1) + -16)))?
31
What is 357 - 375 - (0 + -37) - 5 - -21?
35
What is the value of -1 + (8 - -5) + -29 + 11 + 4 + -30?
-32
Evaluate (0 - 22) + -82 + -87 + 152.
-39
What is the value of -2 + 77 + -3 + -90?
-18
Evaluate -7 + (32 - 2) + -216 + 137.
-56
Evaluate 0 + (-65 - -3 - -74).
12
What is -9 - 13 - (28 - 16 - -18 - 2)?
-50
Calculate 129 + -42 + -118 + -1 + 91.
59
Evaluate 41 - (-9 + 137 + -48).
-39
Evaluate 375 + -367 - (-2 - -43).
-33
Calculate -2 - (-19 + 15 + (26 - 6) + 58).
-76
What is (-1 - 60) + (-85 - -161 - 58)?
-43
Calculate -12 + -1 - -23 - (-22 - (9 - 5)).
36
-57 + -15 + 51 + -14 + 4
-31
Calculate 3 + -39 - ((7 - 1) + 15 - 25).
-32
What is 56 + (-78 - -31) + (24 - 4)?
29
What is -44 + (-3 + 22 - -18) + 52?
45
Evaluate -1 - -14 - (-28 + 50 - 7) - -30.
28
-43 - ((-17 - 25 - -13) + 15)
-29
Calculate -31 + 46 + (-36 - -21).
0
What is -6287 + 6299 - (-131 + 3)?
140
What is the value of (-18 - 9 - -66) + -27 - -16?
28
Evaluate 54 - 1 - (-1952 + 1895).
110
What is -5 + -13 + 5 - 3 - 28?
-44
(-38 - -21) + 25 - ((0 - -5) + -34)
37
Calculate -59 + (-117 - -40) + 84.
-52
50 + (-166 - -161) + 9 + (-4 - -9) + -3
56
123 + (-138 + -16 - -92)
61
What is (22 - 25) + (-8 + 9 - 8) + 24?
14
What is the value of -6 + 118 + (4 - (-4 - -2 - -5))?
113
What is 42 - (-37 + -13 + 53)?
39
Evaluate -37 + (-2 - -43) + (-4 - 0) + 38.
38
What is 113 - (71 + 15 - 12)?
39
Evaluate (32 - -12) + 2 - (142 + -2).
-94
What is the value of 7 - (-15 + 0 + -3 + 6 + 61)?
-42
31 - (110 + (72 - (68 - 43)))
-126
Evaluate -104 + 97 - (-10 + 2 - 4).
5
(5 - -8) + -25 + -68 - (-5 + 1 - -1)
-77
Evaluate (42 - (124 + -209)) + -38.
89
Evaluate (-32 - 5 - (-6 + 2)) + -19 + 33.
-19
Calculate (-68 + 52 - 22) + 43.
5
(-40 - 101 - -60) + 132
51
What is 23 + (-11 - 1) + -1 - 17?
-7
-177 + 175 + 55 + (-1 - (-3 + (0 - -1)))
54
Calculate 3 + (8 - 0) - (-4 - (-10 + -10)).
-5
40 - (2 - 0) - (1436 - 1438)
40
What is the value of (-21 - (-31 - -16) - 10 - 14) + 6?
-24
What is the value of -13 - (10 + -22) - (-10 - 2)?
11
Evaluate 69 - ((81 - 12) + -22).
22
(-197 - (-84 - -21)) + (0 - -3) + 9
-122
What is the value of 4 - (-27 + 15) - (41 - (16 - 15))?
-24
Evaluate (-14 - 3) + 15 + (2 - 17) + 13.
-4
What is the value of -12 + -65 + -772 + 935?
86
What is the value of 0 - -8 - ((-28 - -9) + 21 - (-4 - -79))?
81
What is the val